6. Suppose 3*g + 580 = -4*y, -o*g + 2*y - 67 = 743. Is (-12)/42 + g/(-14) a prime number?
False
Suppose -7 - 2 = d + 2*m, 4*m = -12. Is ((-3)/d + -111)/(-2) a composite number?
True
Let z(q) = 35*q**2 - 5*q + 7. Is z(3) prime?
True
Let i(a) = 37*a**2 + 2*a - 1. Let d(t) = 8*t**2. Let o be d(1). Suppose 3*l = -l - o. Is i(l) composite?
True
Let y(g) = 787*g + 9. Let i be y(7). Is i/22 - (-20)/110 a prime number?
True
Let n = -13 - -9. Suppose -7 + 6 = o. Let s = o - n. Is s composite?
False
Suppose -x - 11 = 6. Let m = -12 - x. Let v(w) = -w**2 + 10*w - 2. Is v(m) a composite number?
False
Suppose 0 = 3*j - 4*h - 499, -3*j - h + 524 = -0*h. Is (-2)/(-5) - j/(-5) a composite number?
True
Suppose o + 59 = 2*o. Is o composite?
False
Suppose 4*t - 1787 = -15. Is t prime?
True
Let s = 14 - -15. Let y be (2/(-6))/((-3)/27). Suppose -s = y*h - 140. Is h composite?
False
Let j(x) = x**3 + 4*x**2 + 2*x - 2. Let h be j(-3). Is -1 + 69/(2 + h) a composite number?
True
Let c(j) = j**3 - 2*j**2 - 3*j + 1. Suppose -3 + 0 = -d. Suppose d*u - 2*u - 4 = 0. Is c(u) a prime number?
False
Suppose 0*m + 2*m - 134 = 0. Is m prime?
True
Suppose -5*h = -7*h + 7886. Is h composite?
False
Let z be 6/8 + (-49)/(-4). Suppose 2 = -5*l - z. Is (1 + 2)/l - -20 prime?
True
Let p(r) = -2 + 6*r - r**2 + 1 - 32*r**3 - 7*r. Suppose 0 = m - 5*m - 4. Is p(m) a prime number?
True
Let m(s) = 0*s**2 - s + 3*s**2 - 4*s**2 + 0*s**2 + 512. Let w be m(0). Let j = w + -303. Is j a composite number?
True
Let j = 22 + 21. Suppose -2*i + j = -3. Is i a prime number?
True
Let b be 5/(-5) - (2 - 9). Let j = b - -99. Let d = j - 67. Is d a prime number?
False
Suppose -2*k = -7*k. Let i = k + -7. Let g(w) = -w**2 - 9*w + 9. Is g(i) a prime number?
True
Suppose 17*s - 1358 = 15*s. Is s composite?
True
Suppose 985 - 5925 = -5*k. Let r = k + -569. Is r composite?
False
Suppose 4*q + 8 = -3*f, -4*f - 3*q - 6 + 0 = 0. Let u = f - 3. Is (1 + u)*(-155)/10 prime?
True
Suppose -h + 25 = 3*d - 13, -3*d + 15 = 0. Is h a prime number?
True
Let i(d) = 5*d**3 + 2*d**2 - 4*d + 4. Let c be (-3)/(-6)*4 + 1. Is i(c) composite?
True
Let b = 1 + -4. Let k be -1 + b + 1 + 3. Suppose k*u = u - 22. Is u a composite number?
True
Let w(y) = 7*y**3 - y**2 - 3*y + 1. Is w(2) prime?
True
Let n be 28/10 - (-1)/5. Suppose -4*q - 7*w + n*w = -1864, -4*q = -5*w - 1828. Suppose q = 5*u - 283. Is u a prime number?
True
Suppose 0 = -j + 5*u + 7 + 3, j - 2*u = 7. Suppose 3*c - j*o = 68, 5*c - 2*c + 4*o = 113. Is c a composite number?
False
Let q(y) = -y**3 + 11*y**2 + 3*y - 3. Let d be 10/(-3)*(-4 + 1). Is q(d) a composite number?
False
Suppose -11*x + 4187 + 3304 = 0. Is x a composite number?
True
Suppose 2*a - 2*n - 578 = 0, 5*n = -2*a + 243 + 363. Is a composite?
False
Let a(s) = -s**2 - 2*s + 4. Let x be a(-3). Let t = x + 9. Is t a prime number?
False
Let w(s) = s**3 + s**2 - 3*s + 4. Let d be w(-3). Let a(c) = -c**2 - 6*c - 3. Let h be a(d). Is (220/(-25))/(h/(-5)) a composite number?
True
Suppose -5*g + 1758 = -2*g. Is g a composite number?
True
Let c(l) = l - 11. Let r(x) be the second derivative of x**3/6 - 11*x**2/2 - x. Let d(f) = -6*c(f) + 5*r(f). Is d(0) a composite number?
False
Let v(a) = 9*a - 4*a + 1 + 11*a. Is v(2) composite?
True
Let c(w) = -w + 4. Let x(g) = g + 2. Let k be x(2). Let m be c(k). Suppose -4*y = -4*n - 328, -2*y + n + 169 = -m*y. Is y composite?
True
Let b(x) = x**3 - x**2 + 15*x - 11. Is b(6) a prime number?
False
Let h(q) = q**3 + 12*q**2 - 4*q - 5. Is h(-12) composite?
False
Suppose 2*w + 2*f + 2 = 0, w - 6*f = -f + 5. Suppose w = 5*d - d - 396. Suppose -2*r = -289 + d. Is r a prime number?
False
Suppose -4*q = -4*a - 4 - 0, q + 4*a = 6. Is (-2)/(q + (-76)/37) a composite number?
False
Let s(n) = n + 8. Let h be s(-6). Suppose h*p + 52 = 3*w - 51, -3*p = 3*w - 78. Is w a prime number?
True
Suppose -23*h = -31*h + 1784. Is h a prime number?
True
Suppose -5*q = -4*x - 5293, 4*q + 5*x = x + 4256. Is q prime?
True
Suppose -2*r - 339 = -5*j, 16 = 5*r + 1. Suppose -6*o = -3*o - j. Suppose 0 = -4*y + o + 1. Is y composite?
True
Let j(w) = -w**3 + 28*w**2 - 39*w + 43. Is j(26) a composite number?
True
Let i = 231 - -34. Is i a prime number?
False
Let k(s) = -s**3 - 5*s**2 + 7*s + 9. Let b be k(-6). Let a = 5 + b. Suppose a*i = 3*i + 70. Is i a composite number?
True
Is (-91545)/(-136) + (-2)/16 prime?
True
Let q(o) = 15*o**2 - 7*o + 11. Is q(7) prime?
False
Suppose 5*m - 293 = 4*m. Is m composite?
False
Let f be 158/(-13) + (-2)/(-13). Let r be ((-9)/2)/(9/f). Suppose -33 = -x + 5*i, -2*x - i = -r*i - 66. Is x composite?
True
Let r(x) = -x**3 + 6*x**2 - 5*x + 7. Let a be r(5). Let b(w) = w. Let f be b(a). Let v = 26 + f. Is v a composite number?
True
Suppose -3*q + 2*q = -1657. Is q composite?
False
Suppose -2*w = 3*w - 2*s - 15, -3*w + s + 8 = 0. Let x = w + 1. Suppose 2*u + x*u + 3*y = 101, 0 = -u - 4*y + 35. Is u prime?
True
Let s be -3 + (-3 - -3 - -160). Suppose 0 = -2*i + 4*q + 106, 0*q + 5*q = 3*i - s. Is i prime?
False
Let q(r) = 5*r**3 + r**2 + 2. Let s be q(-2). Let t = s + 75. Let d = t - -12. Is d a prime number?
True
Let g be (10/(-3))/(4/(-6)). Let h be (-47)/g + (-6)/(-15). Is (132/h)/(4/(-6)) a prime number?
False
Let u(j) be the third derivative of -73*j**4/8 + 13*j**3/6 + 10*j**2. Is u(-4) a composite number?
True
Suppose 8*b = -2*b - 10. Let c = 65 - 145. Let n = b - c. Is n a composite number?
False
Let c = 727 + -20. Suppose i + 50 - c = -5*h, h - 123 = 4*i. Is h prime?
True
Let u(v) = -7*v**2 - v - 3. Let r(h) = 8*h**2 + h + 4. Let f(j) = -2*r(j) - 3*u(j). Is f(2) a prime number?
True
Suppose -p - 242 = 3*g, -12 = 3*g - 3*p + 234. Let j = 146 + g. Is j composite?
True
Suppose -171 = -0*p - 3*p. Let y = p + 100. Is y composite?
False
Let o(l) = 23*l - 23*l + 4*l**2 - 2 + l**3. Is o(5) composite?
False
Let b(z) = z**3 - 3*z**2 + 3*z - 6. Suppose 27 = 5*q + 3*i - i, 0 = q + 3*i + 5. Is b(q) a composite number?
False
Let u(h) = 12*h**2 + 2*h - 6. Let c be u(5). Suppose 0 = -5*k + 10, -2*x + c = k + 2*k. Is x composite?
False
Let r(k) = -k**3 - 9*k**2 + 3*k + 5. Let w be r(-9). Is (-64269)/(-99) - (-4)/w a composite number?
True
Is 5137 - -4 - (-24)/4 a composite number?
False
Let v(d) = -d**2 - 8*d - 2. Let o be v(-6). Suppose -3*x + o = -x. Suppose -176 = -x*t + 239. Is t a prime number?
True
Suppose -2*w + 10 = -5*p - 1, -p - 4 = -w. Suppose 0 = w*l - 0*s - s - 465, -2*s = -4*l + 620. Is l composite?
True
Let v = -7 - -4. Let k be 3/v*(-2 - 3). Suppose 120 = -k*m + 1175. Is m a prime number?
True
Let c(g) = -41*g - 30. Is c(-25) a prime number?
False
Suppose 0 = -3*z + 90 + 423. Suppose -4*m + 99 = 2*h - 243, 4*m = -h + z. Suppose 0 = 5*n + 4*u - h, 66 = 2*n - 2*u + 6*u. Is n a prime number?
False
Let o = -6 + 8. Suppose 4*y = -2*f + 2*y + 24, 5*f = o*y + 46. Is f a prime number?
False
Let p = -461 + 880. Is p a composite number?
False
Let b be (-1 - 2*-5) + 1. Let z = 31 - b. Suppose 0 = -2*x + 5*x - z. Is x a prime number?
True
Suppose 0*y + 36 = 4*y. Let b = y - -1. Is b a prime number?
False
Let d(y) = -2 + 4 + 5*y + 1. Is d(10) composite?
False
Let d(t) = 469 + t**3 + t**2 - 2*t**2 + 0*t**2. Is d(0) a composite number?
True
Suppose -7*d = -3*d - 6236. Is d composite?
False
Let y(j) = 7*j**2 - 2*j - 2. Let q be y(6). Let c = q + -5. Is c composite?
False
Let n(u) = -3*u**3 - u**2 - 2*u - 1. Let x be n(-1). Suppose -3*a + 145 = -4*j, -x*a + 57 + 86 = -2*j. Is a a prime number?
True
Suppose -10*n + 7*n + 57 = 0. Is n prime?
True
Let b be (-208)/4 + 1/1. Let l = 108 - 32. Let a = b + l. Is a composite?
True
Let s = 2995 - 1238. Is s a prime number?
False
Let h(s) = -s**2 + 2*s - 1. Let x be h(1). Suppose 3*f - 24 = -x*f. Let u(p) = 11*p + 6. Is u(f) a prime number?
False
Suppose z - 35 = 4*w, 5*z - w + 11 = 186. Suppose z = -u + 2*u. Is u a composite number?
True
Suppose v - 4*x = -3 + 11, 5*v + 4*x + 8 = 0. Let r be (v - 0)/(3 - 1). Suppose r = -2*g - 10 + 28. Is g prime?
False
Suppose 2*j - 292 = 4*j. Let t = -93 - j. Is t composite?
False
Suppose -5*m + 6 = -2*m. Suppose -m = 5*y - 12. Is y a composite number?
False
Let o = 8 - 7. Let t(p) = -5*p - 4*p + o - 10*p. Is t(-4) a composite number?
True
Let p = -111 + 3. Is 2 + 1 - p/3 composite?
True
Is -3 + 0 - (-3202 - 8) a com